{"id":37,"date":"2019-08-18T15:16:14","date_gmt":"2019-08-18T15:16:14","guid":{"rendered":"http:\/\/iveko-team.com\/?page_id=37"},"modified":"2020-10-14T06:15:11","modified_gmt":"2020-10-14T06:15:11","slug":"unternehmen","status":"publish","type":"page","link":"http:\/\/iveko-team.com\/","title":{"rendered":"Unternehmen"},"content":{"rendered":"\t\t<div data-elementor-type=\"wp-post\" data-elementor-id=\"37\" class=\"elementor elementor-37\">\n\t\t\t\t\t\t<section class=\"elementor-section elementor-top-section elementor-element elementor-element-58bf2c2 elementor-section-boxed elementor-section-height-default elementor-section-height-default\" data-id=\"58bf2c2\" data-element_type=\"section\" data-e-type=\"section\">\n\t\t\t\t\t\t<div class=\"elementor-container elementor-column-gap-default\">\n\t\t\t\t\t<div class=\"elementor-column elementor-col-100 elementor-top-column elementor-element elementor-element-217fb9e\" data-id=\"217fb9e\" data-element_type=\"column\" data-e-type=\"column\">\n\t\t\t<div class=\"elementor-widget-wrap elementor-element-populated\">\n\t\t\t\t\t\t<div class=\"elementor-element elementor-element-602d623 elementor-widget elementor-widget-heading\" data-id=\"602d623\" data-element_type=\"widget\" data-e-type=\"widget\" data-widget_type=\"heading.default\">\n\t\t\t\t<div class=\"elementor-widget-container\">\n\t\t\t\t\t<h2 class=\"elementor-heading-title elementor-size-default\">Herzlich Willkommen<\/h2>\t\t\t\t<\/div>\n\t\t\t\t<\/div>\n\t\t\t\t\t<\/div>\n\t\t<\/div>\n\t\t\t\t\t<\/div>\n\t\t<\/section>\n\t\t\t\t<section class=\"elementor-section elementor-top-section elementor-element elementor-element-96b30dc elementor-section-boxed elementor-section-height-default elementor-section-height-default\" data-id=\"96b30dc\" data-element_type=\"section\" data-e-type=\"section\">\n\t\t\t\t\t\t<div class=\"elementor-container elementor-column-gap-default\">\n\t\t\t\t\t<div class=\"elementor-column elementor-col-100 elementor-top-column elementor-element elementor-element-4dcf284\" data-id=\"4dcf284\" data-element_type=\"column\" data-e-type=\"column\">\n\t\t\t<div class=\"elementor-widget-wrap elementor-element-populated\">\n\t\t\t\t\t\t<div class=\"elementor-element elementor-element-850fa6b elementor-widget elementor-widget-text-editor\" data-id=\"850fa6b\" data-element_type=\"widget\" data-e-type=\"widget\" data-widget_type=\"text-editor.default\">\n\t\t\t\t<div class=\"elementor-widget-container\">\n\t\t\t\t\t\t\t\t\t<p>auf unserer Homepage Ihres\u00a0<span style=\"color: #922c3d;\"><b>I<\/b><\/span>mmobilien\u00a0<span style=\"color: #922c3d;\"><b>Ve<\/b><\/span>rwaltungs- und Vermittlungsteams\u00a0<span style=\"color: #922c3d;\"><b>Ko<\/b><\/span>nstanz.<\/p><p>Wir , das sind Paul Gerhardt, Ingrid Steimer, Heinz Horn und Rainer Geier \u2013 begr\u00fc\u00dfen Sie recht herzlich auf unserer Homepage.<br \/>Schwerpunkt unserer Arbeit ist die Immobilien- und Hausverwaltung, die Miet-Sonder-Verwaltung und die Immobilien-Vermittlung.<br \/>Unser Ziel ist die regionale und pers\u00f6nliche Betreuung, als selbst\u00e4ndiges und unabh\u00e4ngiges Verwaltungsunternehmen,<br \/>zum Wohle unserer Kunden, Mitarbeiter &amp; Partner.<\/p><p>Wir stehen f\u00fcr faire und partnerschaftliche Zusammenarbeit durch Offenheit und Transparenz,<br \/>unabh\u00e4ngig von zentralen Anweisungen und Forderungen externer Geldgeber und Gesellschafter.<\/p><p>Immobilienverwaltung ist Vertrauenssache.<\/p>\t\t\t\t\t\t\t\t<\/div>\n\t\t\t\t<\/div>\n\t\t\t\t\t<\/div>\n\t\t<\/div>\n\t\t\t\t\t<\/div>\n\t\t<\/section>\n\t\t\t\t<section class=\"elementor-section elementor-top-section elementor-element elementor-element-c94e1e2 elementor-section-boxed elementor-section-height-default elementor-section-height-default\" data-id=\"c94e1e2\" data-element_type=\"section\" data-e-type=\"section\">\n\t\t\t\t\t\t<div class=\"elementor-container elementor-column-gap-default\">\n\t\t\t\t\t<div class=\"elementor-column elementor-col-100 elementor-top-column elementor-element elementor-element-24951d5\" data-id=\"24951d5\" data-element_type=\"column\" data-e-type=\"column\">\n\t\t\t<div class=\"elementor-widget-wrap elementor-element-populated\">\n\t\t\t\t\t\t<div class=\"elementor-element elementor-element-24c8c59 elementor-widget elementor-widget-text-editor\" data-id=\"24c8c59\" data-element_type=\"widget\" data-e-type=\"widget\" data-widget_type=\"text-editor.default\">\n\t\t\t\t<div class=\"elementor-widget-container\">\n\t\t\t\t\t\t\t\t\t<p>Wir stehen f\u00fcr die Region und sind aus der Region.<\/p>\t\t\t\t\t\t\t\t<\/div>\n\t\t\t\t<\/div>\n\t\t\t\t\t<\/div>\n\t\t<\/div>\n\t\t\t\t\t<\/div>\n\t\t<\/section>\n\t\t\t\t<section class=\"elementor-section elementor-top-section elementor-element elementor-element-506d4d9 elementor-section-boxed elementor-section-height-default elementor-section-height-default\" data-id=\"506d4d9\" data-element_type=\"section\" data-e-type=\"section\">\n\t\t\t\t\t\t<div class=\"elementor-container elementor-column-gap-default\">\n\t\t\t\t\t<div class=\"elementor-column elementor-col-100 elementor-top-column elementor-element elementor-element-e47b175\" data-id=\"e47b175\" data-element_type=\"column\" data-e-type=\"column\">\n\t\t\t<div class=\"elementor-widget-wrap elementor-element-populated\">\n\t\t\t\t\t\t<div class=\"elementor-element elementor-element-9400cba elementor-widget elementor-widget-heading\" data-id=\"9400cba\" data-element_type=\"widget\" data-e-type=\"widget\" data-widget_type=\"heading.default\">\n\t\t\t\t<div class=\"elementor-widget-container\">\n\t\t\t\t\t<h2 class=\"elementor-heading-title elementor-size-default\">Aktuelle Meldungen<\/h2>\t\t\t\t<\/div>\n\t\t\t\t<\/div>\n\t\t\t\t\t<\/div>\n\t\t<\/div>\n\t\t\t\t\t<\/div>\n\t\t<\/section>\n\t\t\t\t<section class=\"elementor-section elementor-top-section elementor-element elementor-element-ff0d57b elementor-section-boxed elementor-section-height-default elementor-section-height-default\" data-id=\"ff0d57b\" data-element_type=\"section\" data-e-type=\"section\">\n\t\t\t\t\t\t<div class=\"elementor-container elementor-column-gap-default\">\n\t\t\t\t\t<div class=\"elementor-column elementor-col-100 elementor-top-column elementor-element elementor-element-55b5ecb\" data-id=\"55b5ecb\" data-element_type=\"column\" data-e-type=\"column\">\n\t\t\t<div class=\"elementor-widget-wrap elementor-element-populated\">\n\t\t\t\t\t\t<div class=\"elementor-element elementor-element-c3e8c8d elementor-widget elementor-widget-text-editor\" data-id=\"c3e8c8d\" data-element_type=\"widget\" data-e-type=\"widget\" data-widget_type=\"text-editor.default\">\n\t\t\t\t<div class=\"elementor-widget-container\">\n\t\t\t\t\t\t\t\t\t<div><div><div><div data-numcolumns=\"\" data-areaname=\"Standard\"><div><div><div><div><div><div data-articleid=\"1346\"><p style=\"font-weight: 400;\"><strong>Sehr geehrte Eigent\u00fcmer,<\/strong><\/p><p style=\"font-weight: 400;\">auf unserem internen Informations- und Dokumentenmanagementportal<br \/>(<a href=\"https:\/\/iveko-team.mycasavi.com\">https:\/\/iveko-team.mycasavi.com<\/a>)<br \/>halten wir Sie \u00fcber die tagesaktuellen Geschehnisse,<br \/>sowie rund um Ihre anstehenden Eigent\u00fcmerversammlungen und Ihr Objekt auf dem Laufenden.<br \/>Sofern Sie noch kein registrierter Kunde sind,<br \/>senden Sie uns bitte ein E-Mail und Sie erhalten Ihren individuellen Zugangscode<br \/>f\u00fcr Ihr Objekt und Ihre Unterlagen.<\/p><p style=\"font-weight: 400;\">Bleiben Sie gesund.<br \/>Ihr IVEKO Team<\/p><\/div><\/div><\/div><\/div><\/div><\/div><\/div><\/div><\/div><\/div>\t\t\t\t\t\t\t\t<\/div>\n\t\t\t\t<\/div>\n\t\t\t\t<div class=\"elementor-element elementor-element-3023484 elementor-widget-divider--separator-type-pattern elementor-widget-divider--no-spacing elementor-widget-divider--view-line elementor-widget elementor-widget-divider\" data-id=\"3023484\" data-element_type=\"widget\" data-e-type=\"widget\" data-widget_type=\"divider.default\">\n\t\t\t\t<div class=\"elementor-widget-container\">\n\t\t\t\t\t\t\t<div class=\"elementor-divider\" style=\"--divider-pattern-url: url(&quot;data:image\/svg+xml,%3Csvg xmlns=&#039;http:\/\/www.w3.org\/2000\/svg&#039; preserveAspectRatio=&#039;xMidYMid meet&#039; overflow=&#039;visible&#039; height=&#039;100%&#039; viewBox=&#039;0 0 120 26&#039; fill=&#039;black&#039; stroke=&#039;none&#039;%3E%3Cpolygon points=&#039;0,14.4 0,21 11.5,12.4 21.3,20 30.4,11.1 40.3,20 51,12.4 60.6,20 69.6,11.1 79.3,20 90.1,12.4 99.6,20 109.7,11.1 120,21 120,14.4 109.7,5 99.6,13 90.1,5 79.3,14.5 71,5.7 60.6,12.4 51,5 40.3,14.5 31.1,5 21.3,13 11.5,5 \t&#039;\/%3E%3C\/svg%3E&quot;);\">\n\t\t\t<span class=\"elementor-divider-separator\">\n\t\t\t\t\t\t<\/span>\n\t\t<\/div>\n\t\t\t\t\t\t<\/div>\n\t\t\t\t<\/div>\n\t\t\t\t<div class=\"elementor-element elementor-element-5adace7 elementor-widget elementor-widget-text-editor\" data-id=\"5adace7\" data-element_type=\"widget\" data-e-type=\"widget\" data-widget_type=\"text-editor.default\">\n\t\t\t\t<div class=\"elementor-widget-container\">\n\t\t\t\t\t\t\t\t\t<div>\n<div>\n<div>\n<div data-numcolumns=\"\" data-areaname=\"Standard\">\n<div>\n<div>\n<div>\n<div>\n<div>\n<div data-articleid=\"1346\">\n\nWir haben\u00a0unser B\u00fcro in der August-Borsig-Str. 2a in 78467 Konstanz bezogen.<br>\nSie finden uns im Geb\u00e4ude der Fa. Computersysteme Jerg und Sicherheitstechnik Straub im 2. OG, gegen\u00fcber OBI.\nParkpl\u00e4tze sind vorhanden. <br>Derzeit sind wir vormittags von 08:30 Uhr bis 12:30 Uhr f\u00fcr Sie im B\u00fcro verf\u00fcgbar,\nselbstverst\u00e4ndlich auch nach Terminabsprache.<br>\n\nBitte beachten Sie unsere aktualisierten Telefon-Nummern.\n<br><br><br>\n<b>Sie\u00a0erreichen uns unter:<\/b><br><br>\n<b>B\u00fcro &#8211; Telefon.:\u00a0<\/b><a href=\"tel:+4975319450260\">+49 7531 \/ 94 50 260<\/a>\n<span style=\"letter-spacing: 0px;\"><br><b>B\u00fcro &#8211; Fax:\u00a0<\/b><\/span><a href=\"tel:+4975319450266\">+49 7531 \/ 94 50 266<\/a><br>\n<b>Hotline-Nr.:\u00a0<\/b><a href=\"tel:+4915205151661\">+49 1520 \/ 51 51 661<\/a>\n<span style=\"letter-spacing: 0px;\"><br><b>E-Mail:\u00a0<\/b><\/span><a style=\"background-color: #ffffff; letter-spacing: 0px;\" href=\"mailto:info@iveko-team.de\">info@iveko-team.de<\/a>\n\n<\/div>\n<\/div>\n<\/div>\n<\/div>\n<\/div>\n<\/div>\n<\/div>\n<\/div>\n<div><\/div>\n<\/div>\n<\/div>\t\t\t\t\t\t\t\t<\/div>\n\t\t\t\t<\/div>\n\t\t\t\t\t<\/div>\n\t\t<\/div>\n\t\t\t\t\t<\/div>\n\t\t<\/section>\n\t\t\t\t<\/div>\n\t\t","protected":false},"excerpt":{"rendered":"<p>Herzlich Willkommen auf unserer Homepage Ihres\u00a0Immobilien\u00a0Verwaltungs- und Vermittlungsteams\u00a0Konstanz. Wir , das sind Paul Gerhardt, Ingrid Steimer, Heinz Horn und Rainer Geier \u2013 begr\u00fc\u00dfen Sie recht herzlich auf unserer Homepage.Schwerpunkt unserer Arbeit ist die Immobilien- und Hausverwaltung, die Miet-Sonder-Verwaltung und die Immobilien-Vermittlung.Unser Ziel ist die regionale und pers\u00f6nliche Betreuung, als selbst\u00e4ndiges und unabh\u00e4ngiges Verwaltungsunternehmen,zum Wohle unserer [&hellip;]<\/p>\n","protected":false},"author":1,"featured_media":0,"parent":0,"menu_order":0,"comment_status":"closed","ping_status":"closed","template":"","meta":{"footnotes":""},"class_list":["post-37","page","type-page","status-publish","hentry"],"_links":{"self":[{"href":"http:\/\/iveko-team.com\/index.php?rest_route=\/wp\/v2\/pages\/37","targetHints":{"allow":["GET"]}}],"collection":[{"href":"http:\/\/iveko-team.com\/index.php?rest_route=\/wp\/v2\/pages"}],"about":[{"href":"http:\/\/iveko-team.com\/index.php?rest_route=\/wp\/v2\/types\/page"}],"author":[{"embeddable":true,"href":"http:\/\/iveko-team.com\/index.php?rest_route=\/wp\/v2\/users\/1"}],"replies":[{"embeddable":true,"href":"http:\/\/iveko-team.com\/index.php?rest_route=%2Fwp%2Fv2%2Fcomments&post=37"}],"version-history":[{"count":38,"href":"http:\/\/iveko-team.com\/index.php?rest_route=\/wp\/v2\/pages\/37\/revisions"}],"predecessor-version":[{"id":397,"href":"http:\/\/iveko-team.com\/index.php?rest_route=\/wp\/v2\/pages\/37\/revisions\/397"}],"wp:attachment":[{"href":"http:\/\/iveko-team.com\/index.php?rest_route=%2Fwp%2Fv2%2Fmedia&parent=37"}],"curies":[{"name":"wp","href":"https:\/\/api.w.org\/{rel}","templated":true}]}}